{"id":934,"date":"2020-11-14T15:15:30","date_gmt":"2020-11-14T15:15:30","guid":{"rendered":"http:\/\/ottmars-holzwerkstatt.de\/?page_id=934"},"modified":"2020-11-14T15:29:07","modified_gmt":"2020-11-14T15:29:07","slug":"tiroler-vorgelhaeuser","status":"publish","type":"page","link":"https:\/\/ottmars-holzwerkstatt.de\/?page_id=934","title":{"rendered":"Tiroler Vogelh\u00e4user"},"content":{"rendered":"<p>Neu auf unserer Seite&#8230;&#8230; Unsere Tiroler Vogelh\u00e4user!<\/p>\n<p>Sie\u00a0bestehen zu 90% aus L\u00e4rchenholz welches sehr langlebig\u00a0und wetterbest\u00e4ndig ist. Daher ist eine Behandlung des Holzes nicht erforderlich. Im Laufe der Zeit erh\u00e4lt das Vogelhaus eine wunderbare Patina.<\/p>\n<p>Bei allen H\u00e4usern kann das Obergescho\u00df zum S\u00e4ubern und Transportieren abgenommen werden.<\/p>\n<p>Jedes unserer H\u00e4user verf\u00fcgt \u00fcber liebevolle Details wie z.B. Blumenk\u00e4sten, Holzstapel und Mobiliar im Au\u00dfenbereich<strong>.<\/strong><\/p>\n<p>Zum ersten Mal haben wir in diesem Jahr auch individuelle Nachbauten von H\u00e4usern im alpenl\u00e4ndlichen Stil hergestellt. Sprechen Sie uns dazu gerne an!<\/p>\n<p><strong>Bilder von den verschiedenen Tiroler Vogelh\u00e4usern\u00a0findet ihr in unserer Galerie!<\/strong><\/p>\n<p>&nbsp;<\/p>\n<p><img decoding=\"async\" loading=\"lazy\" class=\"wp-image-904 aligncenter\" src=\"http:\/\/ottmars-holzwerkstatt.de\/wp-content\/uploads\/2020\/11\/788CD74A-1D2C-4114-BEE0-08E24EF17B2E.jpeg\" alt=\"\" width=\"454\" height=\"341\" srcset=\"https:\/\/ottmars-holzwerkstatt.de\/wp-content\/uploads\/2020\/11\/788CD74A-1D2C-4114-BEE0-08E24EF17B2E.jpeg 1600w, https:\/\/ottmars-holzwerkstatt.de\/wp-content\/uploads\/2020\/11\/788CD74A-1D2C-4114-BEE0-08E24EF17B2E-300x225.jpeg 300w, https:\/\/ottmars-holzwerkstatt.de\/wp-content\/uploads\/2020\/11\/788CD74A-1D2C-4114-BEE0-08E24EF17B2E-768x576.jpeg 768w, https:\/\/ottmars-holzwerkstatt.de\/wp-content\/uploads\/2020\/11\/788CD74A-1D2C-4114-BEE0-08E24EF17B2E-1024x768.jpeg 1024w, https:\/\/ottmars-holzwerkstatt.de\/wp-content\/uploads\/2020\/11\/788CD74A-1D2C-4114-BEE0-08E24EF17B2E-1000x750.jpeg 1000w, https:\/\/ottmars-holzwerkstatt.de\/wp-content\/uploads\/2020\/11\/788CD74A-1D2C-4114-BEE0-08E24EF17B2E-400x300.jpeg 400w\" sizes=\"(max-width: 454px) 100vw, 454px\" \/><\/p>\n","protected":false},"excerpt":{"rendered":"<p>Neu auf unserer Seite&#8230;&#8230; Unsere Tiroler Vogelh\u00e4user! Sie\u00a0bestehen zu 90% aus L\u00e4rchenholz welches sehr langlebig\u00a0und wetterbest\u00e4ndig ist. Daher ist eine Behandlung des Holzes nicht erforderlich. Im Laufe der Zeit erh\u00e4lt das Vogelhaus eine wunderbare Patina. Bei allen H\u00e4usern kann das&#8230; <a class=\"more-link\" href=\"https:\/\/ottmars-holzwerkstatt.de\/?page_id=934\">Weiterlesen &rarr;<\/a><\/p>\n","protected":false},"author":2,"featured_media":0,"parent":0,"menu_order":0,"comment_status":"closed","ping_status":"closed","template":"","meta":[],"_links":{"self":[{"href":"https:\/\/ottmars-holzwerkstatt.de\/index.php?rest_route=\/wp\/v2\/pages\/934"}],"collection":[{"href":"https:\/\/ottmars-holzwerkstatt.de\/index.php?rest_route=\/wp\/v2\/pages"}],"about":[{"href":"https:\/\/ottmars-holzwerkstatt.de\/index.php?rest_route=\/wp\/v2\/types\/page"}],"author":[{"embeddable":true,"href":"https:\/\/ottmars-holzwerkstatt.de\/index.php?rest_route=\/wp\/v2\/users\/2"}],"replies":[{"embeddable":true,"href":"https:\/\/ottmars-holzwerkstatt.de\/index.php?rest_route=%2Fwp%2Fv2%2Fcomments&post=934"}],"version-history":[{"count":4,"href":"https:\/\/ottmars-holzwerkstatt.de\/index.php?rest_route=\/wp\/v2\/pages\/934\/revisions"}],"predecessor-version":[{"id":940,"href":"https:\/\/ottmars-holzwerkstatt.de\/index.php?rest_route=\/wp\/v2\/pages\/934\/revisions\/940"}],"wp:attachment":[{"href":"https:\/\/ottmars-holzwerkstatt.de\/index.php?rest_route=%2Fwp%2Fv2%2Fmedia&parent=934"}],"curies":[{"name":"wp","href":"https:\/\/api.w.org\/{rel}","templated":true}]}}