{"id":63,"date":"2017-04-23T17:22:03","date_gmt":"2017-04-23T17:22:03","guid":{"rendered":"http:\/\/ottmars-holzwerkstatt.de\/?page_id=63"},"modified":"2020-11-14T13:53:51","modified_gmt":"2020-11-14T13:53:51","slug":"seite-2","status":"publish","type":"page","link":"https:\/\/ottmars-holzwerkstatt.de\/?page_id=63","title":{"rendered":"Wir \u00fcber uns"},"content":{"rendered":"<p><img decoding=\"async\" loading=\"lazy\" class=\"aligncenter\" src=\"http:\/\/ottmars-holzwerkstatt.de\/wp-content\/uploads\/2017\/05\/OttmarDoris.jpg\" alt=\"\" width=\"477\" height=\"318\" \/><\/p>\n<p>Hallo!<\/p>\n<p>Mein Name ist Ottmar Becker und ich baue schon seit Jahren in meiner Freizeit Vogelh\u00e4user f\u00fcr Freunde und Bekannte in den verschiedensten Varianten.<\/p>\n<p>Da ich in den 80-ziger Jahren mit meiner Frau im M\u00fcnstertal im S\u00fcdschwarzwald lebte und Schwarzwaldh\u00e4user mich immer faszinierten, entstand die Idee Vogelh\u00e4user im Schwarzwaldstil zu bauen.<\/p>\n<p>Dabei durfte ich lange Zeit vom Erfahrungsschatz zweier alter Schreinermeister profitieren, bei denen ich viel gelernt habe. Sie stammen ebenfalls hier aus der Nachbarschaft und lieben den Werkstoff Holz ebenso wie ich. Beide \u00fcber 80 Jahre alt zeigten sie sich jederzeit sehr geduldig und hatten viele Tricks und Kniffe parat.<\/p>\n<p>Ohne sie w\u00e4re der hohe Qualit\u00e4tsstandard, den ich mittlerweile erreicht habe, undenkbar.<\/p>\n<p>Nachdem wir bereits viele Schwarzwaldh\u00e4user hergestellt haben,\u00a0bauen wir aktuell au\u00dferdem Vogelh\u00e4user im Tiroler Stil sowie individuelle Nachbauten von H\u00e4usern aus der alpenl\u00e4ndlichen Region.<\/p>\n<p>Die Austattung der H\u00e4user mit Blumenk\u00e4sten, Holzstapeln, B\u00e4nken und Tischen wird von meiner Frau Doris in liebevoller Kleinarbeit hergestellt. Auch sie ist sehr kreativ, wie man in ihrer eigenen Rubrik &#8222;<em>Holzdeko<\/em>&#8220; sehen kann.<\/p>\n<p>&nbsp;<\/p>\n","protected":false},"excerpt":{"rendered":"<p>Hallo! Mein Name ist Ottmar Becker und ich baue schon seit Jahren in meiner Freizeit Vogelh\u00e4user f\u00fcr Freunde und Bekannte in den verschiedensten Varianten. Da ich in den 80-ziger Jahren mit meiner Frau im M\u00fcnstertal im S\u00fcdschwarzwald lebte und Schwarzwaldh\u00e4user&#8230; <a class=\"more-link\" href=\"https:\/\/ottmars-holzwerkstatt.de\/?page_id=63\">Weiterlesen &rarr;<\/a><\/p>\n","protected":false},"author":1,"featured_media":0,"parent":0,"menu_order":0,"comment_status":"closed","ping_status":"closed","template":"","meta":[],"_links":{"self":[{"href":"https:\/\/ottmars-holzwerkstatt.de\/index.php?rest_route=\/wp\/v2\/pages\/63"}],"collection":[{"href":"https:\/\/ottmars-holzwerkstatt.de\/index.php?rest_route=\/wp\/v2\/pages"}],"about":[{"href":"https:\/\/ottmars-holzwerkstatt.de\/index.php?rest_route=\/wp\/v2\/types\/page"}],"author":[{"embeddable":true,"href":"https:\/\/ottmars-holzwerkstatt.de\/index.php?rest_route=\/wp\/v2\/users\/1"}],"replies":[{"embeddable":true,"href":"https:\/\/ottmars-holzwerkstatt.de\/index.php?rest_route=%2Fwp%2Fv2%2Fcomments&post=63"}],"version-history":[{"count":15,"href":"https:\/\/ottmars-holzwerkstatt.de\/index.php?rest_route=\/wp\/v2\/pages\/63\/revisions"}],"predecessor-version":[{"id":851,"href":"https:\/\/ottmars-holzwerkstatt.de\/index.php?rest_route=\/wp\/v2\/pages\/63\/revisions\/851"}],"wp:attachment":[{"href":"https:\/\/ottmars-holzwerkstatt.de\/index.php?rest_route=%2Fwp%2Fv2%2Fmedia&parent=63"}],"curies":[{"name":"wp","href":"https:\/\/api.w.org\/{rel}","templated":true}]}}