{"id":1069,"date":"2022-11-20T14:47:00","date_gmt":"2022-11-20T14:47:00","guid":{"rendered":"http:\/\/ottmars-holzwerkstatt.de\/?page_id=1069"},"modified":"2022-11-28T11:52:49","modified_gmt":"2022-11-28T11:52:49","slug":"herzlich-willkommen","status":"publish","type":"page","link":"https:\/\/ottmars-holzwerkstatt.de\/","title":{"rendered":"Herzlich willkommen."},"content":{"rendered":"<p>Wir m\u00f6chten hier auf unserer kleinen Homepage sehr gerne allen Interessierten unser Hobby pr\u00e4sentieren. In unserer eigenen Holzwerkstatt leben wir t\u00e4glich unsere Kreativit\u00e4t auf vielf\u00e4ltige Art und Weise aus. Viele Nachbarn und Freunde haben uns dazu ermutigt mit unserer Arbeit an die \u00d6ffentlichkeit zu gehen und sie auch zum Verkauf anzubieten. Das tun wir hiermit.<\/p>\n<p>Gerne zeigen wir Ihnen auch unsere Werkstatt.<\/p>\n<p>Vereinbaren Sie einfach einen Termin und verbinden Sie ihren Besuch mit einem Kurzurlaub in der Pfalz. Die direkte Natur im sch\u00f6nen Glantal bietet ihnen vielf\u00e4ltige Wander- und Erlebnism\u00f6glichkeiten. Unsere eigene rustikale Ferienwohnung steht Ihnen als gem\u00fctliche Unterkunftsm\u00f6glichkeit zur Verf\u00fcgung. Ansprechende Gastronomien sind sowohl in Ulmet, als auch in naher Umgebung vorhanden. Bei Interesse informieren wir Sie gerne ausf\u00fchrlich.<\/p>\n<p>Viel Vergn\u00fcgen beim Durchst\u00f6bern unserer Homepage!<\/p>\n<p><em>Doris und Ottmar Becker<\/em><\/p>\n","protected":false},"excerpt":{"rendered":"<p>Wir m\u00f6chten hier auf unserer kleinen Homepage sehr gerne allen Interessierten unser Hobby pr\u00e4sentieren. In unserer eigenen Holzwerkstatt leben wir t\u00e4glich unsere Kreativit\u00e4t auf vielf\u00e4ltige Art und Weise aus. Viele Nachbarn und Freunde haben uns dazu ermutigt mit unserer Arbeit&#8230; <a class=\"more-link\" href=\"https:\/\/ottmars-holzwerkstatt.de\/\">Weiterlesen &rarr;<\/a><\/p>\n","protected":false},"author":1,"featured_media":0,"parent":0,"menu_order":0,"comment_status":"closed","ping_status":"closed","template":"","meta":[],"_links":{"self":[{"href":"https:\/\/ottmars-holzwerkstatt.de\/index.php?rest_route=\/wp\/v2\/pages\/1069"}],"collection":[{"href":"https:\/\/ottmars-holzwerkstatt.de\/index.php?rest_route=\/wp\/v2\/pages"}],"about":[{"href":"https:\/\/ottmars-holzwerkstatt.de\/index.php?rest_route=\/wp\/v2\/types\/page"}],"author":[{"embeddable":true,"href":"https:\/\/ottmars-holzwerkstatt.de\/index.php?rest_route=\/wp\/v2\/users\/1"}],"replies":[{"embeddable":true,"href":"https:\/\/ottmars-holzwerkstatt.de\/index.php?rest_route=%2Fwp%2Fv2%2Fcomments&post=1069"}],"version-history":[{"count":5,"href":"https:\/\/ottmars-holzwerkstatt.de\/index.php?rest_route=\/wp\/v2\/pages\/1069\/revisions"}],"predecessor-version":[{"id":1080,"href":"https:\/\/ottmars-holzwerkstatt.de\/index.php?rest_route=\/wp\/v2\/pages\/1069\/revisions\/1080"}],"wp:attachment":[{"href":"https:\/\/ottmars-holzwerkstatt.de\/index.php?rest_route=%2Fwp%2Fv2%2Fmedia&parent=1069"}],"curies":[{"name":"wp","href":"https:\/\/api.w.org\/{rel}","templated":true}]}}